{"id":1447,"date":"2024-01-05T00:33:09","date_gmt":"2024-01-05T00:33:09","guid":{"rendered":"https:\/\/instel-ing.com\/educacion-mobile\/"},"modified":"2024-01-05T00:35:41","modified_gmt":"2024-01-05T00:35:41","slug":"educacion-mobile","status":"publish","type":"page","link":"https:\/\/instel-ing.com\/?page_id=1447","title":{"rendered":"EDUCACION MOBILE"},"content":{"rendered":"<div id=\"tdi_1\" class=\"tdc-zone\"><div class=\"tdc_zone tdi_2  wpb_row td-pb-row\"  >\n<style scoped>\n\/* custom css - generated by TagDiv Composer *\/\n\n\/* custom css - generated by TagDiv Composer *\/\n.tdi_2{\r\n                    min-height: 0;\r\n                }\n<\/style><div id=\"tdi_3\" class=\"tdc-row stretch_row_1200 td-stretch-content\"><div class=\"vc_row tdi_4  wpb_row td-pb-row\" >\n<style scoped>\n\/* custom css - generated by TagDiv Composer *\/\n\n\/* custom css - generated by TagDiv Composer *\/\n.tdi_4,\r\n                .tdi_4 .tdc-columns{\r\n                    min-height: 0;\r\n                }.tdi_4,\r\n\t\t\t\t.tdi_4 .tdc-columns{\r\n\t\t\t\t    display: block;\r\n\t\t\t\t}.tdi_4 .tdc-columns{\r\n\t\t\t\t    width: 100%;\r\n\t\t\t\t}.tdi_4:before,\r\n\t\t\t\t.tdi_4:after{\r\n\t\t\t\t    display: table;\r\n\t\t\t\t}\n<\/style><div class=\"vc_column tdi_6  wpb_column vc_column_container tdc-column td-pb-span12\">\n<style scoped>\n\/* custom css - generated by TagDiv Composer *\/\n\n\/* custom css - generated by TagDiv Composer *\/\n.tdi_6{\r\n                    vertical-align: baseline;\r\n                }.tdi_6 > .wpb_wrapper,\r\n\t\t\t\t.tdi_6 > .wpb_wrapper > .tdc-elements{\r\n\t\t\t\t    display: block;\r\n\t\t\t\t}.tdi_6 > .wpb_wrapper > .tdc-elements{\r\n\t\t\t\t    width: 100%;\r\n\t\t\t\t}.tdi_6 > .wpb_wrapper > .vc_row_inner{\r\n\t\t\t\t    width: auto;\r\n\t\t\t\t}.tdi_6 > .wpb_wrapper{\r\n\t\t\t\t    width: auto;\r\n\t\t\t\t    height: auto;\r\n\t\t\t\t}\n<\/style><div class=\"wpb_wrapper\" ><div class=\"tdm_block td_block_wrap tdm_block_fancy_text_image tdi_7 td_block_fancy_text tdm-layout-default tdm-content-horiz-left tdm-content-vert-top td-pb-border-top td_block_template_1 tdm-mobile-full\"  data-td-block-uid=\"tdi_7\" >\n<style>\n\/* custom css - generated by TagDiv Composer *\/\n.td_block_fancy_text .tdm-fancy-title{\r\n                  font-family: var(--td_default_google_font_2, 'Roboto', sans-serif);\r\n                  font-size: 155px;\r\n                  font-weight: bold;\r\n                  line-height: 106px;\r\n                  letter-spacing: -8px;\r\n                  margin-top: -5px;\r\n                  margin-bottom: -60px;\r\n                }.td_block_fancy_text .tdm-fancy-title span{\r\n                  display: block;\r\n                  word-break: break-word;\r\n                  padding: 10px 10px 47px 0;\r\n                }.td_block_fancy_text .tdm-fancy-title1{\r\n                  color: #333;\r\n                }.td_block_fancy_text .tdm-fancy-title2{\r\n                  color: #fff;\r\n                  text-shadow: 2px 8px 27px rgba(0, 0, 0, 0.1);\r\n                  top: -60px;\r\n                  position: relative;\r\n                }.td_block_fancy_text .tdm-btn{\r\n                  margin-top: 10px;\r\n                  margin-bottom: 10px;\r\n                }.td_block_fancy_text.tdm-content-horiz-center .tdm-fancy-title span{\r\n                  margin: 0 auto;\r\n                }.td_block_fancy_text.tdm-content-horiz-right .tdm-fancy-title span{\r\n                  margin-left: auto;\r\n                }body .tdi_7 .tdm-fancy-title2{\r\n\t\t\t\t\tbackground: -webkit-linear-gradient(0deg,#002493,#00194f);background: linear-gradient(0deg,#002493,#00194f);\r\n\t\t\t\t\t-webkit-background-clip: text;\r\n\t\t\t\t\t-webkit-text-fill-color: transparent;\r\n\t\t\t\t}html[class*='ie'] .tdi_7 .tdm-fancy-title2{\r\n\t\t\t\t    background: none;\r\n\t\t\t\t\tcolor: #00194f;\r\n\t\t\t\t}@media (min-width: 1019px) and (max-width: 1140px) {\r\n                  .td_block_fancy_text .tdm-fancy-title {\r\n                    font-size: 120px;\r\n                    line-height: 80px;\r\n                    letter-spacing: -6px;\r\n                  }\r\n                }@media (min-width: 768px) and (max-width: 1018px) {\r\n                  .td_block_fancy_text .tdm-fancy-title {\r\n                    font-size: 98px;\r\n                    line-height: 70px;\r\n                    letter-spacing: -4px;\r\n                  }\r\n                }@media (max-width: 767px) {\r\n                  .td_block_fancy_text .tdm-fancy-title {\r\n                    font-size: 72px;\r\n                    line-height: 44px;\r\n                    letter-spacing: -4px;\r\n                    margin-top: 40px;\r\n                    margin-bottom: -76px;\r\n                  }\r\n                }@media (max-width: 767px) {\r\n                  .td_block_fancy_text.tdm-flip-yes .tdm-fancy-title,\r\n                  .td_block_fancy_text.tdm-flip-yes .tdm-image {\r\n                    margin-top: 30px;\r\n                  }\r\n                }\n<\/style><div class=\"td-block-width\"><div class=\"td-block-row tdm-row td-fix-index\"><div class=\"td-block-span5 tdm-col tdm-col-img\"><img loading=\"lazy\" decoding=\"async\" class=\"tdm-image\" src=\"https:\/\/instel-ing.com\/wp-content\/uploads\/2023\/12\/service-e1703271239331.png\" width=\"2240\" height=\"1691\" title=\" \"><\/div><div class=\"td-block-span7 tdm-col\"><div class=\"tdm-text-wrap tdm-text-padding\"><h3 class=\"tdm-fancy-title\"><span class=\"tdm-fancy-title1\"> <\/span><span class=\"tdm-fancy-title2\">Educaci\u00f3n<\/span><\/h3><p class=\"tdm-descr\">En INSTEL-ING, estamos comprometidos con la educaci\u00f3n y la difusi\u00f3n del conocimiento ingenieril. Esperamos que estos recursos no solo ampl\u00eden tu comprensi\u00f3n de la ingenier\u00eda, sino que tambi\u00e9n inspiren nuevas ideas y enfoques innovadores en tu propio viaje educativo. \u00a1Explora, aprende y descubre el emocionante mundo de la ingenier\u00eda con nosotros!<\/p><\/div><\/div><\/div><\/div><\/div><\/div><\/div><\/div><\/div><div id=\"tdi_8\" class=\"tdc-row\"><div class=\"vc_row tdi_9  wpb_row td-pb-row\" >\n<style scoped>\n\/* custom css - generated by TagDiv Composer *\/\n\n\/* custom css - generated by TagDiv Composer *\/\n.tdi_9,\r\n                .tdi_9 .tdc-columns{\r\n                    min-height: 0;\r\n                }.tdi_9,\r\n\t\t\t\t.tdi_9 .tdc-columns{\r\n\t\t\t\t    display: block;\r\n\t\t\t\t}.tdi_9 .tdc-columns{\r\n\t\t\t\t    width: 100%;\r\n\t\t\t\t}.tdi_9:before,\r\n\t\t\t\t.tdi_9:after{\r\n\t\t\t\t    display: table;\r\n\t\t\t\t}\n<\/style><div class=\"vc_column tdi_11  wpb_column vc_column_container tdc-column td-pb-span12\">\n<style scoped>\n\/* custom css - generated by TagDiv Composer *\/\n\n\/* custom css - generated by TagDiv Composer *\/\n.tdi_11{\r\n                    vertical-align: baseline;\r\n                }.tdi_11 > .wpb_wrapper,\r\n\t\t\t\t.tdi_11 > .wpb_wrapper > .tdc-elements{\r\n\t\t\t\t    display: block;\r\n\t\t\t\t}.tdi_11 > .wpb_wrapper > .tdc-elements{\r\n\t\t\t\t    width: 100%;\r\n\t\t\t\t}.tdi_11 > .wpb_wrapper > .vc_row_inner{\r\n\t\t\t\t    width: auto;\r\n\t\t\t\t}.tdi_11 > .wpb_wrapper{\r\n\t\t\t\t    width: auto;\r\n\t\t\t\t    height: auto;\r\n\t\t\t\t}\n<\/style><div class=\"wpb_wrapper\" ><div class=\"vc_row_inner tdi_13  vc_row vc_inner wpb_row td-pb-row\" >\n<style scoped>\n\/* custom css - generated by TagDiv Composer *\/\n\n\/* custom css - generated by TagDiv Composer *\/\n.tdi_13{\r\n                    position: relative !important;\r\n                    top: 0;\r\n                    transform: none;\r\n                    -webkit-transform: none;\r\n                }.tdi_13,\r\n\t\t\t\t.tdi_13 .tdc-inner-columns{\r\n\t\t\t\t    display: block;\r\n\t\t\t\t}.tdi_13 .tdc-inner-columns{\r\n\t\t\t\t    width: 100%;\r\n\t\t\t\t}\n<\/style><div class=\"vc_column_inner tdi_15  wpb_column vc_column_container tdc-inner-column td-pb-span12\">\n<style scoped>\n\/* custom css - generated by TagDiv Composer *\/\n\n\/* custom css - generated by TagDiv Composer *\/\n.tdi_15{\r\n                    vertical-align: baseline;\r\n                }.tdi_15 .vc_column-inner > .wpb_wrapper,\r\n\t\t\t\t.tdi_15 .vc_column-inner > .wpb_wrapper .tdc-elements{\r\n\t\t\t\t    display: block;\r\n\t\t\t\t}.tdi_15 .vc_column-inner > .wpb_wrapper .tdc-elements{\r\n\t\t\t\t    width: 100%;\r\n\t\t\t\t}\n<\/style><div class=\"vc_column-inner\"><div class=\"wpb_wrapper\" ><\/div><\/div><\/div><\/div><div class=\"vc_row_inner tdi_17  vc_row vc_inner wpb_row td-pb-row\" >\n<style scoped>\n\/* custom css - generated by TagDiv Composer *\/\n\n\/* custom css - generated by TagDiv Composer *\/\n.tdi_17{\r\n                    position: relative !important;\r\n                    top: 0;\r\n                    transform: none;\r\n                    -webkit-transform: none;\r\n                }.tdi_17,\r\n\t\t\t\t.tdi_17 .tdc-inner-columns{\r\n\t\t\t\t    display: block;\r\n\t\t\t\t}.tdi_17 .tdc-inner-columns{\r\n\t\t\t\t    width: 100%;\r\n\t\t\t\t}\n<\/style><div class=\"vc_column_inner tdi_19  wpb_column vc_column_container tdc-inner-column td-pb-span4\">\n<style scoped>\n\/* custom css - generated by TagDiv Composer *\/\n\n\/* custom css - generated by TagDiv Composer *\/\n.tdi_19{\r\n                    vertical-align: baseline;\r\n                }.tdi_19 .vc_column-inner > .wpb_wrapper,\r\n\t\t\t\t.tdi_19 .vc_column-inner > .wpb_wrapper .tdc-elements{\r\n\t\t\t\t    display: block;\r\n\t\t\t\t}.tdi_19 .vc_column-inner > .wpb_wrapper .tdc-elements{\r\n\t\t\t\t    width: 100%;\r\n\t\t\t\t}\n<\/style><div class=\"vc_column-inner\"><div class=\"wpb_wrapper\" ><div class=\"tdm_block td_block_wrap tdm_block_title_over_image tdi_20 tdm-content-horiz-left tdm-content-vert-top td-pb-border-top td_block_template_1\"  data-td-block-uid=\"tdi_20\" >\n<style>\n\n\/* inline tdc_css att - generated by TagDiv Composer *\/\n\n.tdi_20{\nwidth:370px !important;\n}\n\n\/* phone *\/\n@media (max-width: 767px)\n{\n.tdi_20{\nwidth:340px !important;\n}\n}\n\n<\/style>\n<style>\n\/* custom css - generated by TagDiv Composer *\/\n.tds-title-over-image{\r\n                  overflow: hidden;\r\n                }.tds-title-over-image1{\r\n                  position: relative;\r\n                  height: 0;\r\n                  padding-bottom: 400px;\r\n                  background-color: #f9f9f9;\r\n                }.tds-title-over-image1 .tdm-title-over-image-info-wrap{\r\n                  width: 100%;\r\n                  padding: 24px 32px;\r\n                }.tds-title-over-image1 .tdm-title-over-image-info,\r\n                .tds-title-over-image1 .tdm-title-sub{\r\n                  zoom: 1;\r\n                  -webkit-transform: translate(0, 8px);\r\n                  transform: translate(0, 8px);\r\n                  -webkit-transition: all 0.15s 75ms cubic-bezier(0.25, 0.46, 0.45, 0.94);\r\n                  transition: all 0.15s 75ms cubic-bezier(0.25, 0.46, 0.45, 0.94);\r\n                }.tds-title-over-image1 .tdm-title{\r\n                  margin: 0;\r\n                }.tds-title-over-image1 .tdm-title-xxsm{\r\n                  margin-top: 8px;\r\n                  margin-bottom: 2px;\r\n                }.tds-title-over-image1 .tdm-title-xsm{\r\n                  margin-top: 6px;\r\n                  margin-bottom: 1px;\r\n                }.tds-title-over-image1 .tdm-title-sm{\r\n                  margin-top: 4px;\r\n                }.tds-title-over-image1 .tdm-title-bg{\r\n                  margin-bottom: 12px;\r\n                  line-height: 50px;\r\n                }.tds-title-over-image1 .tdm-title-sub{\r\n                  color: #555;\r\n                  opacity: 0;\r\n                }.tds-title-over-image1 .tdm-title-over-image-link{\r\n                  display: block;\r\n                  position: absolute;\r\n                  top: 0;\r\n                  left: 0;\r\n                  width: 100%;\r\n                  height: 100%;\r\n                }.tds-title-over-image1 .tdm-title-over-image-overlay:before,\r\n                .tds-title-over-image1 .tdm-title-over-image-overlay:after{\r\n                  content: '';\r\n                  position: absolute;\r\n                  top: 0;\r\n                  left: 0;\r\n                  width: 100%;\r\n                  height: 100%;\r\n                  z-index: -1;\r\n                  -webkit-transition: all 0.3s 0.1s cubic-bezier(0.455, 0.03, 0.515, 0.955);\r\n                  transition: all 0.3s 0.1s cubic-bezier(0.455, 0.03, 0.515, 0.955);\r\n                }.tds-title-over-image1 .tdm-title-over-image-overlay:after{\r\n                  opacity: 0;\r\n                }.tds-title-over-image1:hover .tdm-title-over-image-info,\r\n                .tds-title-over-image1:hover .tdm-title-sub{\r\n                  -webkit-transform: translate(0, 0);\r\n                  transform: translate(0, 0);\r\n                  -webkit-transition: all 0.3s 0.1s cubic-bezier(0.455, 0.03, 0.515, 0.955);\r\n                  transition: all 0.3s 0.1s cubic-bezier(0.455, 0.03, 0.515, 0.955);\r\n                }.tds-title-over-image1:hover .tdm-title-sub,\r\n                .tds-title-over-image1:hover .tdm-title-over-image-overlay:after{\r\n                  opacity: 1;\r\n                }.tdm_block_title_over_image.tdm-content-vert-center .tds-title-over-image1 .tdm-title-over-image-info-wrap{\r\n                  position: absolute;\r\n                  top: calc(50% - 8px);\r\n                  -webkit-transform: translateY(calc(-50% + 8px));\r\n                  transform: translateY(calc(-50% + 8px));\r\n                }.tdm_block_title_over_image.tdm-content-vert-bottom .tds-title-over-image1 .tdm-title-over-image-info-wrap{\r\n                  position: absolute;\r\n                  bottom: 0;\r\n                }\n<\/style><div class=\"td-block-row\"><div class=\"td-block-span12 tdm-col\">\n<style>\n\/* custom css - generated by TagDiv Composer *\/\n.tdi_21 .tdm-title{\r\n\t\t\t\t\tcolor: #ffffff;\r\n\t\t\t\t\r\n\t\t\t\t    font-weight:600 !important;\r\n\t\t\t\t}body .tdi_21:hover .tdm-title{\r\n\t\t\t\t\tcolor: #ffffff;\r\n\t\t\t\t\r\n\t\t\t\t\t-webkit-text-fill-color: initial;\r\n\t\t\t\t\tbackground: transparent;\r\n\t\t\t\t\ttransition: none;\r\n\t\t\t\t}body .tdi_21 .tdm-title-sub{\r\n\t\t\t\t\tcolor: #ffffff;\r\n\t\t\t\t}.tdi_21:before{\r\n\t\t\t\t    content: '';\r\n\t\t\t\t    position: absolute;\r\n\t\t\t\t    top: 0;\r\n\t\t\t\t    left: 0;\r\n\t\t\t\t    width: 100%;\r\n\t\t\t\t    height: 100%;\r\n                    background-image: url(https:\/\/instel-ing.com\/wp-content\/uploads\/2024\/01\/scott-blake-x-ghf9LjrVg-unsplash-2.jpg);\r\n                    z-index: -1;\r\n\t\t\t\t\r\n\t\t\t\t\tbackground-repeat: no-repeat;\r\n\t\t\t\t\r\n\t\t\t\t\tbackground-size: cover;\r\n\t\t\t\t\r\n\t\t\t\t\tbackground-position: center;\r\n\t\t\t\t}.tdi_21{\r\n\t\t\t\t\tpadding-bottom: 600px;\r\n\t\t\t\t\r\n\t\t\t\t    background-color: #161616;\r\n\t\t\t\t}.tdi_21 .tdm-title-over-image-overlay:before{\r\n\t\t\t\t    background-color: rgba(0,0,0,0.55);\r\n\t\t\t\t}\n<\/style><div class=\"tds-title-over-image tds-title-over-image1 tdi_21 td-fix-index\"><div class=\"tdm-title-over-image-info-wrap\"><div class=\"tdm-title-over-image-info\"><h3 class=\"tdm-title tdm-title-md\">Conceptos Ingenieriles Clave<\/h3><div class=\"tdm-title-sub\">Comienza descubriendo los fundamentos de las vibraciones mec\u00e1nicas y c\u00f3mo influyen en el rendimiento de estructuras y maquinaria. Luego, sum\u00e9rgete en la relaci\u00f3n cr\u00edtica entre los materiales y su comportamiento bajo diversas condiciones de carga, una comprensi\u00f3n esencial para el dise\u00f1o de componentes robustos y seguros. Adem\u00e1s, aprende c\u00f3mo las simulaciones de est\u00e1tica, din\u00e1mica estructural y din\u00e1mica de fluidos impulsan el dise\u00f1o y la optimizaci\u00f3n, brind\u00e1ndote herramientas virtuales poderosas para perfeccionar proyectos antes de su implementaci\u00f3n. \u00a1Convi\u00e9rtete en un experto en estos conceptos fundamentales que impulsan la ingenier\u00eda moderna!<\/div><\/div><\/div><div class=\"tdm-title-over-image-overlay\"><\/div><a class=\"tdm-title-over-image-link\" href=\"#\" target=\"_blank\" ><\/a><\/div><\/div><\/div><\/div><\/div><\/div><\/div><div class=\"vc_column_inner tdi_23  wpb_column vc_column_container tdc-inner-column td-pb-span4\">\n<style scoped>\n\/* custom css - generated by TagDiv Composer *\/\n\n\/* custom css - generated by TagDiv Composer *\/\n.tdi_23{\r\n                    vertical-align: baseline;\r\n                }.tdi_23 .vc_column-inner > .wpb_wrapper,\r\n\t\t\t\t.tdi_23 .vc_column-inner > .wpb_wrapper .tdc-elements{\r\n\t\t\t\t    display: block;\r\n\t\t\t\t}.tdi_23 .vc_column-inner > .wpb_wrapper .tdc-elements{\r\n\t\t\t\t    width: 100%;\r\n\t\t\t\t}\n<\/style><div class=\"vc_column-inner\"><div class=\"wpb_wrapper\" ><div class=\"tdm_block td_block_wrap tdm_block_title_over_image tdi_24 tdm-content-horiz-left tdm-content-vert-top td-pb-border-top td_block_template_1\"  data-td-block-uid=\"tdi_24\" >\n<style>\n\n\/* inline tdc_css att - generated by TagDiv Composer *\/\n\n.tdi_24{\nwidth:370px !important;\n}\n\n\/* phone *\/\n@media (max-width: 767px)\n{\n.tdi_24{\nwidth:340px !important;\n}\n}\n\n<\/style><div class=\"td-block-row\"><div class=\"td-block-span12 tdm-col\">\n<style>\n\/* custom css - generated by TagDiv Composer *\/\n.tdi_25 .tdm-title{\r\n\t\t\t\t\tcolor: #ffffff;\r\n\t\t\t\t\r\n\t\t\t\t    font-weight:600 !important;\r\n\t\t\t\t}body .tdi_25 .tdm-title-sub{\r\n\t\t\t\t\tcolor: var(--accent-color);\r\n\t\t\t\t}.tdi_25:before{\r\n\t\t\t\t    content: '';\r\n\t\t\t\t    position: absolute;\r\n\t\t\t\t    top: 0;\r\n\t\t\t\t    left: 0;\r\n\t\t\t\t    width: 100%;\r\n\t\t\t\t    height: 100%;\r\n                    background-image: url(https:\/\/instel-ing.com\/wp-content\/uploads\/2024\/01\/thisisengineering-raeng-hoivM01c-vg-unsplash-1.jpg);\r\n                    z-index: -1;\r\n\t\t\t\t\r\n\t\t\t\t\tbackground-repeat: no-repeat;\r\n\t\t\t\t\r\n\t\t\t\t\tbackground-size: cover;\r\n\t\t\t\t\r\n\t\t\t\t\tbackground-position: center;\r\n\t\t\t\t\r\n\t\t\t\t\topacity: 1;\r\n\t\t\t\t}.tdi_25{\r\n\t\t\t\t\tpadding-bottom: 600px;\r\n\t\t\t\t}.tdi_25 .tdm-title-over-image-overlay:before{\r\n\t\t\t\t    background-color: rgba(10,10,10,0.44);\r\n\t\t\t\t}\n<\/style><div class=\"tds-title-over-image tds-title-over-image1 tdi_25 td-fix-index\"><div class=\"tdm-title-over-image-info-wrap\"><div class=\"tdm-title-over-image-info\"><h3 class=\"tdm-title tdm-title-md\">Art\u00edculos de Divulgaci\u00f3n<\/h3><div class=\"tdm-title-sub\">Explora nuestros esclarecedores art\u00edculos de divulgaci\u00f3n, donde profundizamos en aspectos esenciales de la ingenier\u00eda. En &quot;Optimizaci\u00f3n de Dise\u00f1o Estructural&quot;, desentra\u00f1amos c\u00f3mo las simulaciones de din\u00e1mica estructural impactan significativamente en la optimizaci\u00f3n de dise\u00f1os, propiciando estructuras resistentes y eficientes a trav\u00e9s de la ingenier\u00eda predictiva. Adem\u00e1s, en &quot;Eficiencia Energ\u00e9tica en Instalaciones El\u00e9ctricas&quot;, te sumergir\u00e1s en estrategias pr\u00e1cticas destinadas a mejorar la eficiencia y reducir el consumo de energ\u00eda en sistemas el\u00e9ctricos, abordando desaf\u00edos cr\u00edticos y ofreciendo soluciones innovadoras para impulsar la sostenibilidad en las instalaciones el\u00e9ctricas. Estos art\u00edculos proporcionan una visi\u00f3n profunda y aplicada de conceptos clave en la ingenier\u00eda moderna.<\/div><\/div><\/div><div class=\"tdm-title-over-image-overlay\"><\/div><a class=\"tdm-title-over-image-link\" href=\"#\" target=\"_blank\" ><\/a><\/div><\/div><\/div><\/div><\/div><\/div><\/div><div class=\"vc_column_inner tdi_27  wpb_column vc_column_container tdc-inner-column td-pb-span4\">\n<style scoped>\n\/* custom css - generated by TagDiv Composer *\/\n\n\/* custom css - generated by TagDiv Composer *\/\n.tdi_27{\r\n                    vertical-align: baseline;\r\n                }.tdi_27 .vc_column-inner > .wpb_wrapper,\r\n\t\t\t\t.tdi_27 .vc_column-inner > .wpb_wrapper .tdc-elements{\r\n\t\t\t\t    display: block;\r\n\t\t\t\t}.tdi_27 .vc_column-inner > .wpb_wrapper .tdc-elements{\r\n\t\t\t\t    width: 100%;\r\n\t\t\t\t}\n<\/style><div class=\"vc_column-inner\"><div class=\"wpb_wrapper\" ><div class=\"tdm_block td_block_wrap tdm_block_title_over_image tdi_28 tdm-content-horiz-left tdm-content-vert-top td-pb-border-top td_block_template_1\"  data-td-block-uid=\"tdi_28\" >\n<style>\n\n\/* inline tdc_css att - generated by TagDiv Composer *\/\n\n.tdi_28{\nwidth:370px !important;\n}\n\n\/* phone *\/\n@media (max-width: 767px)\n{\n.tdi_28{\nwidth:340px !important;\n}\n}\n\n<\/style><div class=\"td-block-row\"><div class=\"td-block-span12 tdm-col\">\n<style>\n\/* custom css - generated by TagDiv Composer *\/\n.tdi_29 .tdm-title{\r\n\t\t\t\t\tcolor: #ffffff;\r\n\t\t\t\t\r\n\t\t\t\t    font-weight:700 !important;\r\n\t\t\t\t}body .tdi_29 .tdm-title-sub{\r\n\t\t\t\t\tcolor: #ffffff;\r\n\t\t\t\t}.tdi_29:before{\r\n\t\t\t\t    content: '';\r\n\t\t\t\t    position: absolute;\r\n\t\t\t\t    top: 0;\r\n\t\t\t\t    left: 0;\r\n\t\t\t\t    width: 100%;\r\n\t\t\t\t    height: 100%;\r\n                    background-image: url(https:\/\/instel-ing.com\/wp-content\/uploads\/2024\/01\/campaign-creators-pypeCEaJeZY-unsplash.jpg);\r\n                    z-index: -1;\r\n\t\t\t\t\r\n\t\t\t\t\tbackground-repeat: no-repeat;\r\n\t\t\t\t\r\n\t\t\t\t\tbackground-size: cover;\r\n\t\t\t\t\r\n\t\t\t\t\tbackground-position: center;\r\n\t\t\t\t\r\n\t\t\t\t\topacity: 1;\r\n\t\t\t\t}.tdi_29{\r\n\t\t\t\t\tpadding-bottom: 600px;\r\n\t\t\t\t}.tdi_29 .tdm-title-over-image-overlay:before{\r\n\t\t\t\t    background-color: rgba(0,0,0,0.48);\r\n\t\t\t\t}\n<\/style><div class=\"tds-title-over-image tds-title-over-image1 tdi_29 td-fix-index\"><div class=\"tdm-title-over-image-info-wrap\"><div class=\"tdm-title-over-image-info\"><h3 class=\"tdm-title tdm-title-md\">Recursos Visuales<\/h3><div class=\"tdm-title-sub\">Sum\u00e9rgete en nuestra secci\u00f3n de recursos visuales que facilitan el aprendizaje en la ingenier\u00eda. A trav\u00e9s de nuestros Videos Educativos, te invitamos a una exploraci\u00f3n visual de conceptos clave mediante videos informativos que simplifican y explican de manera din\u00e1mica los principios fundamentales. Adem\u00e1s, nuestras Infograf\u00edas ofrecen representaciones gr\u00e1ficas que permiten comprender de manera visual conceptos complejos, proporcionando una herramienta educativa interactiva y visualmente impactante.<\/div><\/div><\/div><div class=\"tdm-title-over-image-overlay\"><\/div><a class=\"tdm-title-over-image-link\" href=\"#\" target=\"_blank\" ><\/a><\/div><\/div><\/div><\/div><\/div><\/div><\/div><\/div><\/div><\/div><\/div><\/div><\/div><\/div>","protected":false},"excerpt":{"rendered":"","protected":false},"author":2,"featured_media":0,"parent":0,"menu_order":0,"comment_status":"closed","ping_status":"closed","template":"","meta":{"tdm_status":"","tdm_grid_status":"","footnotes":""},"class_list":["post-1447","page","type-page","status-publish","hentry"],"amp_enabled":true,"_links":{"self":[{"href":"https:\/\/instel-ing.com\/index.php?rest_route=\/wp\/v2\/pages\/1447","targetHints":{"allow":["GET"]}}],"collection":[{"href":"https:\/\/instel-ing.com\/index.php?rest_route=\/wp\/v2\/pages"}],"about":[{"href":"https:\/\/instel-ing.com\/index.php?rest_route=\/wp\/v2\/types\/page"}],"author":[{"embeddable":true,"href":"https:\/\/instel-ing.com\/index.php?rest_route=\/wp\/v2\/users\/2"}],"replies":[{"embeddable":true,"href":"https:\/\/instel-ing.com\/index.php?rest_route=%2Fwp%2Fv2%2Fcomments&post=1447"}],"version-history":[{"count":2,"href":"https:\/\/instel-ing.com\/index.php?rest_route=\/wp\/v2\/pages\/1447\/revisions"}],"predecessor-version":[{"id":1451,"href":"https:\/\/instel-ing.com\/index.php?rest_route=\/wp\/v2\/pages\/1447\/revisions\/1451"}],"wp:attachment":[{"href":"https:\/\/instel-ing.com\/index.php?rest_route=%2Fwp%2Fv2%2Fmedia&parent=1447"}],"curies":[{"name":"wp","href":"https:\/\/api.w.org\/{rel}","templated":true}]}}